(-33).
1342
Let o(l) = -227*l**2 + 1566*l + 171. Give o(7).
10
Let s(r) = 6771*r + 40619. Determine s(-6).
-7
Let f(y) = -232*y - 9253. Calculate f(-40).
27
Let x(m) = 2*m**3 + 20*m**2 - 152*m + 167. Give x(-16).
-473
Let a(j) = 119*j - 9045. Calculate a(76).
-1
Let i(w) = 34*w**2 - 6478*w - 3049. What is i(191)?
7
Let k(v) = 4867*v**2 + 155741*v - 78. What is k(-32)?
18
Let c(k) = k**3 - 57*k**2 + 51*k + 16. Determine c(56).
-264
Let s(u) = -1945*u + 140024. What is s(72)?
-16
Let i(j) = 1450*j - 10161. Calculate i(7).
-11
Let w(l) = -l**3 + 103*l**2 + 883*l + 660. Give w(111).
105
Let t(f) = -f**3 - 173*f**2 + 36399*f + 1098. Give t(123).
-9
Let g(m) = 6753*m - 6435610. Determine g(953).
-1
Let l(d) = 5*d**3 - 267*d**2 - 39*d + 7693. Calculate l(53).
8
Let m(y) = 15*y**2 + 2843*y + 64818. What is m(-163)?
-56
Let r(o) = o**2 - 10185*o - 122451. Give r(-12).
-87
Let y(w) = -w**2 - 478*w + 28177. Calculate y(53).
34
Let l(f) = 2*f**3 + 396*f**2 - 239*f + 31628. Calculate l(-199).
-13
Let n(x) = -2527*x - 10764. Calculate n(-5).
1871
Let s(z) = -106*z + 26260. What is s(251)?
-346
Let q(t) = 977*t + 11404. What is q(-11)?
657
Let m(z) = -2*z**2 + 6175*z + 1121265. What is m(-172)?
-3
Let u(j) = -1533*j + 53652. What is u(35)?
-3
Let b(u) = -1041*u + 44239. Give b(43).
-524
Let i(l) = -l**3 + 178*l**2 + 1378*l - 2725. What is i(-9)?
20
Let r(w) = -w**3 + 550*w**2 - 9576*w - 14. Give r(532).
-14
Let b(k) = -298*k**2 - 3539*k - 29. Determine b(-12).
-473
Let l(v) = -54*v**3 + 45*v**2 + 467*v - 455. Calculate l(1).
3
Let m(l) = 2444*l + 246618. Determine m(-101).
-226
Let i(b) = -102*b**2 - 384*b + 116. Determine i(-5).
-514
Let d(w) = -w**3 + 2*w**2 - 891*w - 1820. Determine d(-2).
-22
Let x(k) = -908*k - 417675. Determine x(-460).
5
Let l(j) = 49*j**2 - 186*j - 1005. Calculate l(-3).
-6
Let u(s) = 7512*s**2 + 30069*s - 4. Determine u(-4).
-88
Let r(k) = 5370*k + 27179. Give r(-5).
329
Let k(w) = 12*w**3 + 307*w**2 + 468*w + 305. Give k(-24).
17
Let p(a) = 2326*a + 314005. What is p(-135)?
-5
Let m(i) = -17*i**3 + 253*i**2 - i + 49. Determine m(15).
-416
Let g(t) = -t**3 + 84*t**2 - 1435*t + 4399. Calculate g(62).
-3
Let n(l) = 1686*l - 996. Determine n(1).
690
Let g(t) = t**2 + 235*t + 13372. Give g(-139).
28
Let w(i) = i**2 - 32821*i + 229699. Give w(7).
1
Let u(k) = 374*k + 87947. What is u(-235)?
57
Let i(a) = 11*a**3 - 385*a**2 - 2*a + 81. Determine i(35).
11
Let j(x) = -1041*x - 5613. What is j(-5)?
-408
Let q(n) = -8*n**2 - 2470*n - 160267. What is q(-216)?
5
Let l(f) = 2*f**2 + 3322*f + 148637. Calculate l(-46).
57
Let a(f) = -2*f**2 + 88*f - 2585. Calculate a(29).
-1715
Let y(v) = -v**3 - 12*v**2 + 15358*v + 153630. Give y(-10).
-150
Let y(c) = c**2 - 13986*c + 83950. Give y(6).
70
Let p(q) = -8*q**2 + 9556*q - 42885. Calculate p(1190).
-45
Let q(w) = -17*w**2 - 1982*w + 21448. Calculate q(10).
-72
Let b(f) = -51262*f + 461351. Calculate b(9).
-7
Let d(k) = -k**2 + 587*k + 20558. Give d(-33).
98
Let j(g) = g**3 - 21*g**2 - 25*g + 75. Give j(22).
9
Let z(t) = -t**2 + 552*t - 26455. Determine z(53).
-8
Let t(p) = p**3 + 846*p**2 + 5088*p + 40309. Determine t(-840).
-11
Let t(i) = -14*i**3 - 167*i**2 + 1513*i + 18020. What is t(-12)?
8
Let o(k) = k**3 + 11*k**2 - 1248*k + 97. Calculate o(-41).
835
Let x(n) = 190986*n - 5920574. What is x(31)?
-8
Let f(a) = -8*a**2 - 869*a + 7944. Calculate f(9).
-525
Let y(r) = 59*r - 8706. Give y(142).
-328
Let w(n) = 91*n**2 - 179*n - 673. Give w(-4).
1499
Let b(t) = 1839*t**3 - 5*t**2 + 33*t - 29. Calculate b(1).
1838
Let i(q) = 4*q**2 + 698*q - 11906. Calculate i(-190).
-126
Let a(h) = -18*h - 1306. Give a(-64).
-154
Let x(s) = 1433*s + 3233. Determine x(-3).
-1066
Let n(a) = 306*a + 3462. What is n(-6)?
1626
Let q(m) = m**3 + 155*m**2 - 205*m + 17100. Calculate q(-157).
-13
Let k(i) = -46843*i - 307. Give k(0).
-307
Let s(d) = 9099*d + 27192. Calculate s(-3).
-105
Let v(d) = -d**3 - 4*d**2 - 382*d - 3846. Determine v(-9).
-3
Let j(p) = -2*p**3 + 169*p**2 - 288*p + 2764. Calculate j(83).
-473
Let k(n) = -2*n**3 + 102*n**2 + 99*n + 245. What is k(52)?
-15
Let d(q) = -65*q**3 - 165*q**2 + 16*q + 21. Determine d(-2).
-151
Let z(n) = -n**3 + 41*n**2 - 412*n - 11. Determine z(25).
-311
Let d(j) = 51*j**2 - 9136*j - 7914. Determine d(180).
6
Let r(q) = -152*q + 18251. Calculate r(142).
-3333
Let m(i) = -5*i**2 - 444*i + 780. Calculate m(-90).
240
Let z(u) = 7*u**3 - 2615*u**2 + 6676*u + 869. What is z(371)?
127
Let o(l) = 12*l**2 + 5246*l - 15728. Give o(3).
118
Let d(u) = -4*u**3 - 764*u**2 - 47*u - 8950. Calculate d(-191).
27
Let g(m) = -1396*m + 220596. Give g(158).
28
Let b(g) = -3*g**3 - 10*g**2 - 84*g - 901. What is b(-13)?
5092
Let t(n) = 2*n**2 + 237*n - 2936. What is t(-130)?
54
Let f(n) = -2*n**3 - 17*n**2 + 6*n - 17. Calculate f(-7).
-206
Let q(z) = 9198*z - 147202. Calculate q(16).
-34
Let p(s) = 4*s**3 - 152*s**2 + 296*s - 13. Determine p(2).
3
Let d(u) = 32*u**3 - 17890*u**2 + 1103*u + 8451. Give d(559).
66
Let y(n) = -33*n + 230. Give y(-1).
263
Let p(w) = 5477*w - 416265. Determine p(76).
-13
Let w(f) = -2909*f + 253084. Give w(87).
1
Let r(w) = 2*w**2 + 5633*w - 3632812. Determine r(541).
3
Let u(v) = 29545*v - 7563522. Give u(256).
-2
Let p(n) = 3*n**2 + 587*n + 10338. Give p(-20).
-202
Let m(s) = -34*s**2 + 245538*s + 245538. Calculate m(-1).
-34
Let h(s) = s**3 + 60*s**2 - 52*s + 61. Determine h(-61).
-488
Let g(w) = -w**3 + 466*w**2 - 54119*w - 10865. Give g(222).
13
Let l(p) = -4*p**2 + 18723*p - 168211. Determine l(9).
-28
Let l(q) = 3*q**3 - 248*q**2 - 1061*q + 81176. Give l(83).
2
Let k(j) = j**2 + 24*j - 663. What is k(16)?
-23
Let k(t) = -916*t + 33804. What is k(37)?
-88
Let g(j) = -56*j - 9173. Calculate g(-176).
683
Let z(c) = 17*c**2 + 250*c + 228. Determine z(-24).
4020
Let n(l) = -l**3 - 20*l**2 - 128*l - 1560. Give n(-19).
511
Let m(q) = -1003*q - 96014. Give m(-96).
274
Let v(r) = 11*r**3 + 64*r**2 - 84*r + 12. Calculate v(1).
3
Let p(q) = -2*q**2 - 1107*q + 4472. What is p(4)?
12
Let w(p) = -4*p**2 + 922*p - 614. Calculate w(228).
1666
Let r(n) = -7*n**3 - 19*n**2 - 387*n - 7046. Determine r(-9).
1
Let c(t) = t**2 - 296*t + 2555. Determine c(9).
-28
Let r(u) = -11*u**2 - 34*u - 10. Determine r(5).
-455
Let z(i) = i**3 + 21*i**2 - 29*i - 771. What is z(-21)?
-162
Let o(w) = 278*w**2 - 3519*w + 3518. Calculate o(1).
277
Let y(c) = c**3 + 60*c**2 - 3*c + 7539. Calculate y(-62).
37
Let d(g) = -592555*g + 17184091. What is d(29)?
-4
Let r(f) = -212*f + 214. Give r(1).
2
Let r(k) = k**3 + 18*k**2 + 818*k + 11580. Calculate r(-15).
-15
Let c(p) = 945*p - 114384. Calculate c(121).
-39
Let a(j) = j**3 - 30*j**2 + 139*j + 59. What is a(24)?
-61
Let t(l) = 2*l**3 - 9*l + 58. Calculate t(3).
85
Let n(g) = 4340560*g + 2. Calculate n(0).
2
Let o(i) = 208454*i + 1876106. Determine o(-9).
20
Let q(s) = s**2 + 32352*s + 775864. Give q(-24).
-8
Let f(k) = -6*k**2 - 73*k + 16. Calculate f(-13).
-49
Let i(l) = 12*l**2 + 670*l - 1336. Give i(2).
52
Let x(f) = -8*f**3 + 682*f**2 - 162*f - 87. What is x(85)?
593
Let w(y) = y**3 - 129*y**2 + 2351*y - 1758. Calculate w(21).
-15
Let d(k) = 42658*k - 54730220. Calculate d(1283).
-6
Let t(f) = -f**3 + 31*f**2 - 163*f - 186. Determine t(22).
584
Let g(h) = h**3 - 87*h**2 + 958*h - 499. What is g(74)?
-795
Let c(o) = -352*o + 10160. Give c(29).
-48
Let p(b) = 20*b**2 - 638*b + 93. What is p(30)?
-1047
Let w(v) = -v**3 - 131*v**2 + 680*v - 17. Calculate w(-136).
-17
Let i(z) = -z**3 - 403*z**2 + 7158*z - 318. Give i(17).
-12
Let x(h) = -156869*h - 313741. Determine x(-2).
-3
Let b(w) = -w**3 - 158*w**2 + 742*w - 11508. Give b(-163).
391
Let w(d) = -37*d**2 + 1662*d + 69. Give w(45).
-66
Let o(y) = -3*y**3 - 13318*y**2 + 187041*y - 10. What is o(14)?
4
Let p(c) = 48*c**2 + 546*c + 25. Calculate p(-14).
1789
Let a(q) = -1543327*q - 12346609. Give a(-8).
7
Let a(x) = 216*x + 21376. Calculate a(-99).
-8
Let n(b) = -b**3 + 19*b**2 - 116*b + 155. What is n(8)?
-69
Let b(q) = q**3 + 65*q**2 + 182*q + 115. What is b(-62)?
363
Let r(s) = -30516*s + 122067. Determine r(4).
3
Let r(y) = -9*y**3 + 11*y**2 - y - 89. What is r(6)?
-1643
Let o(s) = 20*s**2 + 21639*s + 20507. What is o(-1081)?
-32
Let y(k) = 173*k - 47178. Give y(270).
-468
Let n(o) = -7*o**2 - 2749